the remainder when 116 is divided by b(-1).
23
Let m = 9 - 5. What is the remainder when m is divided by (-6)/(-84)*2 - (-20)/7?
1
Let p(z) = 57*z - 450. What is the remainder when 481 is divided by p(10)?
1
Suppose -682 = -2*d - 29*d. Let g(r) be the first derivative of r**3/3 - 23*r**2/2 + 42*r - 2. What is the remainder when 98 is divided by g(d)?
18
Suppose -2350 - 3150 = -125*s. What is the remainder when 2550 is divided by s?
42
Suppose 3*i + 713 = 224. Let l = i - -217. Calculate the remainder when l is divided by 15.
9
Let c(t) = 40*t + 4. Let b be c(-1). Let p = b + 162. Suppose 5*r - 4*f - p = -19, -2*f = -4. Calculate the remainder when r is divided by 9.
5
Let h = 69 - 66. Suppose -8*g + h*g = -100. What is the remainder when g is divided by 14?
6
Let q(w) = 30*w**2 - 29*w + 43. Calculate the remainder when 410 is divided by q(4).
3
Suppose -94304 - 52336 = -59*k - 129*k. Calculate the remainder when k is divided by 54.
24
Suppose n = 147 - 140. Calculate the remainder when 97 is divided by n.
6
Suppose 8*h = 7*h + 2*n + 12, -5*h + 33 = -n. Calculate the remainder when 101 is divided by 49 - h/(1 - 3).
49
Let a(f) = -f**3 + 19*f**2 + 12*f + 43. What is the remainder when a(8) is divided by 13?
11
Let j(u) = -32*u**3 - u**2 - u. Let v be j(2). Let g = 1967 - v. Calculate the remainder when (-4)/26 + -2 + g/39 is divided by 28.
27
Let r(o) = o**3 + 34*o**2 - 41*o - 147. Let a be r(-35). Suppose -4*z = 17*z - a. What is the remainder when 11 is divided by z?
2
Calculate the remainder when 1/((-36650)/(-18300) + (2 - 0 - 4)) is divided by 62.
56
Suppose -7872 = 2*h - 4*h - 2*h. Calculate the remainder when h is divided by 19.
11
Let f be 18258/238 + (4/14)/1. Suppose -7*l + f = -105. Let o(d) = 3*d**2 + 2*d - 6. What is the remainder when o(-7) is divided by l?
23
Let r = -1348 - -1585. Calculate the remainder when r is divided by 34.
33
Let y = 1941 - 1797. Suppose 4*i = -41 + 125. What is the remainder when y is divided by i?
18
Suppose 4*f - 354 = 1130. Let q = f - 172. Let b = q - 117. Calculate the remainder when b is divided by 14.
12
Suppose -379*o = -o - 257418. What is the remainder when o is divided by 3?
0
Suppose 0 = 2*d + 4, 83*d = 5*i + 82*d - 3352. Calculate the remainder when 672 is divided by i.
2
Suppose -38 + 13 = k - 5*q, 5*q = -25. Let g = -25 - k. What is the remainder when g is divided by 13?
12
Let d(l) = -86*l - 571. Calculate the remainder when 3550 is divided by d(-7).
16
Suppose 0 = -15*n + 20*n + 23*n - 19320. What is the remainder when n is divided by 139?
134
Let o = 1159 - 1054. What is the remainder when 262 is divided by o?
52
Suppose 0 = -4*n - 0*n + 28. Let w be (-20)/(-24)*6 - 26. Let i = w + 46. Calculate the remainder when i is divided by n.
4
Suppose -4*g = 2*k - 18, 3*k - g - 4*g - 49 = 0. What is the remainder when 190 is divided by k?
8
Let y be ((-1)/(-4))/((-3)/12). Let d(h) = h + 146*h**3 + 144*h**3 - 324*h**3. What is the remainder when d(y) is divided by 9?
6
Let w(c) = -2*c - 19. Let m be (22*12/8)/(-1). Calculate the remainder when w(m) is divided by 16.
15
Suppose 2*b = -4, 2*l - 192 = 2*b + 254. What is the remainder when 4196 is divided by l?
218
Calculate the remainder when 1041 is divided by 10*(-171)/(-270)*(-15)/(-1).
91
Let p(j) = -6*j - 7. Let u(v) = 10*v + 11. Let a(o) = 8*p(o) + 5*u(o). What is the remainder when 45 is divided by a(2)?
0
Let j = -139 + 144. Suppose 10*m - 7*m + j*a - 156 = 0, -2*a = -2*m + 88. Calculate the remainder when m is divided by 16.
15
Let k(x) = -x**3 + 59*x**2 + 377*x + 10. Let z = 13 + 10. What is the remainder when k(-6) is divided by z?
19
Suppose 9 = 2*c - 111. What is the remainder when 2/(-6) - (-860)/c is divided by 6?
2
Let i(u) = -19*u + 4. Let b be i(-4). Suppose -3*w + 371 = b. Suppose 3*l - 8*p + 9*p - w = 0, p = 1. What is the remainder when 94 is divided by l?
30
Suppose 3*m = -3, y + 6*m = 4*m - 6. What is the remainder when 43 is divided by 1*23*(y - (2 + -7))?
20
Let x(a) = a**3 - 3*a**2 - 49*a + 218. Calculate the remainder when 129 is divided by x(5).
14
Let w = -224 - -228. Suppose -16 = -5*p + w*j, 3*j = 6*j - 3. Calculate the remainder when 82 is divided by p.
2
Let b = 22 - 67. Let x = b + 43. Let r = x - -111. What is the remainder when r is divided by 14?
11
Let h(k) = 5*k**2 + 40*k + 37. What is the remainder when h(-21) is divided by 18?
16
Let c(a) = -a**3 - a**2 + 4*a - 1. Let f(z) = z**3 - 10*z**2 + 4*z - 42. Let j be f(10). Calculate the remainder when 1*(-23)/2*j is divided by c(-3).
3
Suppose -34*i + 4763 = -2071. Calculate the remainder when i is divided by 36.
21
Let r(l) = l**3 + 10*l**2 - 17*l - 16. Suppose 8*s - 346 = -98. Calculate the remainder when r(-11) is divided by s.
19
Let c = 349 + -347. Suppose -c*w + 61 = 3*o, 4*w = 8*w - 4*o - 132. Calculate the remainder when w is divided by 9.
5
Let f(r) = 92*r - 360. Let h be f(4). Suppose 0 = -2*d - 2*n + 46, 3*n - h*n = -d - 1. Let b = 7 + -2. What is the remainder when d is divided by b?
4
Suppose 90*f = 185*f + 188*f - 244229. What is the remainder when f is divided by 13?
5
Let u = 10761 - 10511. Calculate the remainder when u is divided by 132.
118
Suppose 0 = -d + 2*l - 3*l + 4, 4*d - 13 = -5*l. Let j = 49245 + -49164. What is the remainder when j is divided by d?
4
Let v(g) = -21*g**3 - 2*g**2 - 2*g - 1. Let a be (-1*6)/2 + 2. Calculate the remainder when (-1)/2 + 4266/36 is divided by v(a).
18
Calculate the remainder when 518 is divided by 506/2783 - 4638/(-22).
96
Suppose -5*s = -14*s. Let b = s + 22. What is the remainder when 153 is divided by b?
21
Let u(z) = z**3 + 9*z**2 + 11*z + 75. Let x be u(-8). Suppose 3*j = 3*d + x, -4*j - j - 4*d = -130. Calculate the remainder when 76 is divided by j.
10
Suppose 3*a = 3*l - 27 + 639, 5*l = a - 184. Suppose -12*z + a = -z. What is the remainder when 55 is divided by z?
17
Suppose -4*y - 4 + 5 = -3*w, -2*w + 26 = 4*y. Suppose 4*u = 4*d - 191 - 261, 4*u - y = 0. Calculate the remainder when d is divided by 35.
9
Let z(a) = 29*a**2 - a. Let g(b) = -2*b**3 + 48*b**2 - 195*b - 38. Calculate the remainder when g(6) is divided by z(-1).
28
Suppose 2*z + 0*z - 3*i - 2286 = 0, i - 2 = 0. Calculate the remainder when z is divided by 37.
36
Suppose 2*p + 54*g - 52*g = 2342, 3*g + 18 = 0. Calculate the remainder when p is divided by 20.
17
Let p(l) = 26*l**2 + 81*l + 160. Calculate the remainder when 1333 is divided by p(-2).
7
Let y(w) = -76*w - 24. Let o be y(-9). What is the remainder when 118 is divided by (-4)/5 - o/(-75)?
6
Let q be 3/(-9) - (-22)/(-6). Calculate the remainder when (-2)/7 + (-954)/(-7) - q is divided by 36.
32
Let d = 358 + -271. What is the remainder when 156 is divided by d?
69
Suppose 4*l - 4 = 0, -4*p - 4*l = -8*l - 16. Suppose -13*h + 5*m = -10*h - 64, p*m = -5*h + 40. What is the remainder when 42 is divided by h?
3
Let o(x) = -1423 + 4*x + 1416 + 36*x**2 + 2*x + 2*x. Suppose 7*t + 1 = -u + 4*t, 2*u - t - 33 = 0. Calculate the remainder when o(1) is divided by u.
9
Let y = 301282 - 301139. Suppose 2*a + 156 = 2*j + j, -5*a = -j + 65. Calculate the remainder when y is divided by j.
43
Let w(s) = s**2 + 12*s + 11. Let t be w(-11). Suppose -6*z + 140 + 292 = t. What is the remainder when z is divided by 11?
6
Suppose -17*r = -28*r + 4147. What is the remainder when 1136 is divided by r?
5
Let g(s) = 3*s + 48. Let h be g(-14). Suppose 0 = 3*l - h + 18. Let v(c) = 2*c + 17. Calculate the remainder when v(l) is divided by 2.
1
Suppose 3*a = -6*y + 22*y + 1577, 3*a - 1724 = -5*y. What is the remainder when a is divided by 139?
7
Let p = 93 - 61. Calculate the remainder when p is divided by ((-6)/(-33) + (-2166)/418)/((-4)/4).
2
Suppose -3*i = -3*p - 5256, -461*i + 462*i + 2*p = 1764. What is the remainder when i is divided by 8?
4
Let v(s) = 560*s**2 - 523*s + 8. Calculate the remainder when (-2)/(-5) - (-838)/5 is divided by v(1).
33
Let y be (6/(48/982))/(2/8). Let h = -362 + y. Calculate the remainder when h is divided by 52.
25
Let f be (0*2/(-4))/(-3). Suppose y + f*l = -2*l + 61, 5*y - 327 = l. Calculate the remainder when 194 is divided by y.
64
Suppose 24 = 7*f - 11*f. Let m(l) = -5*l**3 - 3*l**2 + 11*l + 14. Let w be m(f). Calculate the remainder when w/24 + 1/(-3) is divided by 8.
6